
2, 3
Let f be 3 - (-4 + 1 - -1). Suppose 4*q - 2*c = 226, -c - f = -2. What are the prime factors of q?
5, 11
Let w be (-2)/6 - (-200)/15. Let d(i) = -4*i - 2*i**2 + 4 + 12*i**3 - 3 - w*i**3. List the prime factors of d(-3).
2, 11
Let m = -4280 + 8136. List the prime factors of m.
2, 241
Let a(j) = j**3 - 8*j**2 + j - 5. Let l be a(8). Suppose -l*z = -277 - 11. List the prime factors of z.
2, 3
Let o(a) = -a**3 + 7 - 2*a + 7*a**2 + 10*a + a**2. Let v be o(9). Let k(l) = -3*l + 2. List the prime factors of k(v).
2
Let u be (-53)/(-11) - 34/(-187). Suppose -5*t = -0*s + s + 2, u*t - 6 = 3*s. List the prime factors of 23 - (4 - 8 - s).
5
Let h be (-3 + 0)/(2 + -1). Let i be 2/(-6)*h*-1. List the prime factors of (i + 1/3)*-3.
2
Let b(g) = -g + 184. Let k be b(0). Let p be (-8)/12 - k/(-6). Suppose -3*z + p = -30. What are the prime factors of z?
2, 5
Suppose 14 = 8*v - 178. Suppose v = -8*i + 9*i. What are the prime factors of i?
2, 3
Suppose -771*h + 1020 = -765*h. What are the prime factors of h?
2, 5, 17
What are the prime factors of 4/50 - (-1009752)/600?
3, 11, 17
Suppose 2*k = -4*m + 9984, 2*k - 7487 = 15*m - 18*m. What are the prime factors of m?
11, 227
Suppose -2*f = 0, 6*t - 4*t - 1292 = -5*f. What are the prime factors of t?
2, 17, 19
Let y be 12*((-2)/4 - -1). What are the prime factors of (1 - 51/y)*-2?
3, 5
Suppose 25*a - 24*a = 617. List the prime factors of a.
617
Suppose 0 = -46*u + 42*u + 20. Suppose -291 = -u*l + d, 0 = 2*l + d - 146 + 24. List the prime factors of l.
59
Let y(w) = w**2 + 7*w - 1. Suppose 3*d - b = -53, -2*b - 21 = d + b. List the prime factors of y(d).
197
Let b(j) = 8*j - 19. Let h be b(-7). Let a = -25 - h. List the prime factors of a.
2, 5
Let p(d) = 15*d + 189. What are the prime factors of p(14)?
3, 7, 19
List the prime factors of ((-4)/(-22) + (-37902)/99)*-3.
2, 7, 41
Let c(i) = -i**2 + 11*i - 10. Let s be c(4). Let l = -2 + s. What are the prime factors of l?
2
Suppose -3*l - 18 = -2*w, 13*w + 15 = 8*w. Let j(t) = -5*t - 1. What are the prime factors of j(l)?
3, 13
Let a = 1539 - 748. List the prime factors of a.
7, 113
Let w(y) = -4*y - 3. Let v be w(-2). Let c(i) = 2 - v + 1 - 4*i + 9*i. What are the prime factors of c(1)?
3
What are the prime factors of (1 + 138)*(3 + -1)?
2, 139
Let h be 1/(8/(-10) + 1). Let a(x) = 1 + 2*x + 0 - 3. What are the prime factors of a(h)?
2
Let f be -2 - (0 + (-20 - 1))*-2. Let z = 131 + f. List the prime factors of z.
3, 29
Let j(d) = -5*d + 5. Let m be (-66)/(-12) - (-1)/(-2). Suppose t + 34 = -m*a - 3*t, -9 = a + 3*t. What are the prime factors of j(a)?
5, 7
Let s be 2*(-15)/(-10) + -2. Suppose -2*d + s = 11, d + 85 = 5*l. What are the prime factors of l?
2
Suppose -m = 4*m - 30. Let s = 0 + m. Suppose 0 = -2*f - f - 4*n, -2*n = 3*f - s. List the prime factors of f.
2
Let u(w) = -w**3 + 6*w**2 + 1. Let x be (5/(-10) + 0)*-10. What are the prime factors of u(x)?
2, 13
List the prime factors of 10*121 + ((-8)/(-2) - 1).
1213
Suppose -2*j = 4*v - 236, 76 + 40 = 2*v + 2*j. Suppose -9*f - v = -12*f. What are the prime factors of f?
2, 5
Suppose r + 5*n - 24 - 15 = 0, -r + 39 = n. Suppose 4*i = 159 - r. Let q = i + -4. What are the prime factors of q?
2, 13
Let h(v) = -9 - 5*v - 19 + 18*v**2 + 19. List the prime factors of h(-2).
73
Suppose 0 = -7*f + 1636 + 520. List the prime factors of f.
2, 7, 11
Let c(y) = 96*y - 78. List the prime factors of c(19).
2, 3, 97
Let i(x) = x**2 - 4*x - 6. Let c be i(5). Suppose -20 = 4*v - 0*v, 0 = -3*j - 3*v - 30. What are the prime factors of (-89)/(-5) + c/j?
2, 3
Suppose -4*y + 0 = -16. Suppose a = -y*b - 2*a + 17, 3*a + 15 = 0. Let z(v) = -v**3 + 9*v**2 - 7*v + 8. What are the prime factors of z(b)?
2
Suppose 3*h = -2*u + 7*u + 88, -2*h = -3*u - 52. List the prime factors of 12/u - (-96)/10.
3
Suppose -3*p - 128 = 2*g - 34, 2*p = 4*g - 52. Let j(o) = -o**3 - 6*o**2 + 5*o - 5. Let q be j(-7). List the prime factors of (-18)/15*p/q.
2
List the prime factors of 5/(-4 - 1)*-719*1.
719
Suppose -5564 = -2*z + 120. What are the prime factors of z?
2, 7, 29
Let o(m) = -m**3 - 6*m**2 + 7*m + 8. Let r be o(-7). Suppose -33 = -5*h - r. Let k(w) = w**3 - 3*w**2 - 6*w + 5. What are the prime factors of k(h)?
5
Let q = 3 - 7. Let k be 285 + q + -2 + -1. Suppose 4*b - 214 = 5*h, -5*b + 2*h - h + k = 0. What are the prime factors of b?
2, 7
Suppose -4*t = -35 + 7. Let l = t + -4. Suppose -l*s + 22 = -2. What are the prime factors of s?
2
List the prime factors of (-7 - -1) + -11 + (-1 - -5646).
2, 3, 7, 67
Let k = -11 - -13. Suppose 2*a - 37 = -3*t - 3*a, 0 = 3*t - k*a - 2. Suppose -3*i - t*n = -10, 5*i + n - 45 = -0*n. List the prime factors of i.
2, 5
Let b(s) = 22*s**2 + 18*s + 44. List the prime factors of b(-8).
2, 3, 109
Let g = 6 + -27. Let b(m) = 34*m**3 - m**2 + 2*m - 1. Let c be b(1). Let k = g + c. List the prime factors of k.
13
Let c(y) = -y + 8. Let g be c(12). Let h be 83 + -1 + 0/g. Suppose -h = -x - 20. What are the prime factors of x?
2, 31
Suppose s - 5*k - 3 = 7, 0 = 5*s - 4*k - 29. Let h(t) = -13*t - 3. Let b(p) = -9*p - 2. Let g(u) = 7*b(u) - 5*h(u). List the prime factors of g(s).
11
Let m(b) = -b**3 - 11*b**2 + 16*b + 21. Let k(d) = 2*d**3 + 23*d**2 - 32*d - 43. Let w(i) = -3*k(i) - 5*m(i). List the prime factors of w(-15).
3
Let r = -11 - -15. Suppose -5*u + 2*w = -0*w - 686, -2*w = r*u - 538. List the prime factors of u.
2, 17
Let y = 416 + 342. What are the prime factors of y?
2, 379
Suppose -5*s = -7*s - 12. List the prime factors of 35/(-2)*(s + 0).
3, 5, 7
Suppose -5*c = -q + 231 + 460, 2*c + 685 = q. What are the prime factors of q?
3, 227
Let y = 35 - 33. Suppose -3*b + y*b - 4 = 0, -4*z - 2*b = -180. What are the prime factors of z?
47
Suppose -59*u + 56*u = 0. Suppose -115 = -u*a - 5*a. What are the prime factors of a?
23
Suppose -8 = 4*r, 3*h - 4*h + 82 = -2*r. What are the prime factors of h?
2, 3, 13
Let l = -1034 - -2029. What are the prime factors of l?
5, 199
Let z = -20 - -18. Let g(p) = -13*p**2. Let n(i) = 39*i**2 - i - 1. Let f(a) = z*n(a) - 7*g(a). List the prime factors of f(-2).
2, 5
Suppose -2788 = -4*c + 4812. List the prime factors of c.
2, 5, 19
Let x(a) be the third derivative of -13*a**6/120 - a**5/60 - a**4/8 - a**3/3 + 15*a**2. List the prime factors of x(-2).
2, 13
Let k be (6/(-8))/((18/(-3))/(-48)). Let y(l) = 3*l**2 + 5*l - 2. List the prime factors of y(k).
2, 19
Let o(t) be the second derivative of t**3/3 - 8*t**2 + 2*t. Let p be o(16). List the prime factors of (-8)/((-4)/p*2).
2
Suppose 3*v - 4*v = -15. Let s(l) = -2*l**3 - l**2 - 5*l + 3. Let h be s(3). List the prime factors of (-522)/(-10) + v/h.
2, 13
Suppose 0 = 5*i - 0*i - 2095. Suppose 5*j + t - i = 6, -5*j + 445 = -3*t. List the prime factors of j.
2, 43
Suppose 5*q - 4 = 4*h + 7, -2*q + h = -5. Suppose -q*n = -4*a + 123, -6*a = -2*a - n - 121. What are the prime factors of a?
2, 3, 5
Let x(p) = 6*p - 6. Let b = -5 + 7. What are the prime factors of x(b)?
2, 3
Suppose 5*v - 1272 = -0*j - 4*j, -4*j - v = -1256. List the prime factors of j.
313
What are the prime factors of 1*(-7)/(-2)*(0 - -146)?
7, 73
Suppose -3*o = -4*z + 2245, 4*z = -5*o + z - 3790. Let n = -512 - o. List the prime factors of n.
3
Let q be (4 - -2) + (-16)/4. Let u be ((-12)/(-18))/(q/(-12)). Let v = 48 + u. What are the prime factors of v?
2, 11
Let z = -548 - -823. List the prime factors of z.
5, 11
Suppose 3*h + 592 = 5*u + 5*h, u = -3*h + 121. Let n = -115 + u. List the prime factors of n.
3
What are the prime factors of (4 + 85/3)/((-3)/(-36))?
2, 97
Let x(a) = 4*a + 6. Let t be x(7). Suppose 142 = 2*o - t. Suppose -1 = 3*r - p - o, -4*p = 3*r - 87. What are the prime factors of r?
29
Let l(p) = 2*p**2 - 753 + 785 - p - 3*p**2. What are the prime factors of l(0)?
2
Let d be 0/(-1 - -4) - 0. Suppose 3 = j - d*j. Suppose 0*u = j*u - 72. List the prime factors of u.
2, 3
Let k be (6/(-12))/(2/(-80)). Suppose 5*m + k - 120 = 0. What are the prime factors of (1005/m)/((-12)/(-16))?
67
Let a = 15 + -31. Let c = -16 - a. Suppose -q = -c - 27. List the prime factors of q.
3
Let h be ((-7)/(-4))/(9/(-36)). Let k(g) = -g**3 - 6*g**2 - 3*g - 10. List the prime factors of k(h).
2, 3, 5
Let n be 57/(4 + (0 - 3)). Let j = -123 - -229. Let o = j - n. What are the p